{"id":27,"date":"2016-09-26T12:12:12","date_gmt":"2016-09-26T10:12:12","guid":{"rendered":"http:\/\/www.goldenfamily.de\/?page_id=27"},"modified":"2016-09-26T12:12:12","modified_gmt":"2016-09-26T10:12:12","slug":"in-eigener-sache","status":"publish","type":"page","link":"https:\/\/goldenfamily.de\/index.php\/in-eigener-sache\/","title":{"rendered":"In eigener Sache"},"content":{"rendered":"<p>Nach einigen Umwegen und diversen Schicksalsschl\u00e4gen haben wir nun ENDLICH unser Traumhaus im Norden gefunden und bezogen. Das Warten, die finanziellen Opfer durch unsere Gutgl\u00e4ubigkeit, sie haben ein Ende und wir wurden mit unserem Traumhaus belohnt.<\/p>\n<p>Da wir uns vorgenommen haben, unsere Gutm\u00fctigkeit nicht mehr von Personen ausn\u00fctzen zu lassen, die \u00fcberhaupt keine Hilfe verdient haben, unterst\u00fctzen wir nur noch ein Projekt. Hier wissen wir, das jeder Cent sinnvoll genutzt wird und wir auf keine Betr\u00fcger mehr reinfallen.<\/p>\n<p>Wir unterst\u00fctzen das Kinderhospiz Sternenbr\u00fccke in Hamburg.<\/p>\n<p>Welche wundervolle Arbeit die Menschen dort verrichten ist einfach unbeschreiblich. Traurig ist, das so ein reicher Staat wie Deutschland diese Arbeit nicht mit (mehr) Geld unterst\u00fctzt und f\u00f6rdert.<\/p>\n<p>Gerne informieren wir Sie \u00fcber die Arbeit der &#8222;Sternenbr\u00fccke&#8220;, wenn Sie uns besuchen kommen.<\/p>\n<p>Oder Sie besuchen die Homepage <a href=\"https:\/\/www.sternenbruecke.de\" target=\"_blank\">www.sternenbruecke.de<\/a><\/p>\n","protected":false},"excerpt":{"rendered":"<p>Nach einigen Umwegen und diversen Schicksalsschl\u00e4gen haben wir nun ENDLICH unser Traumhaus im Norden gefunden und bezogen. Das Warten, die finanziellen Opfer durch unsere Gutgl\u00e4ubigkeit, sie haben ein Ende und wir wurden mit unserem Traumhaus belohnt. Da wir uns vorgenommen haben, unsere Gutm\u00fctigkeit nicht mehr von Personen ausn\u00fctzen zu lassen, die \u00fcberhaupt keine Hilfe verdient [&hellip;]<\/p>\n","protected":false},"author":1,"featured_media":0,"parent":0,"menu_order":0,"comment_status":"closed","ping_status":"closed","template":"","meta":[],"_links":{"self":[{"href":"https:\/\/goldenfamily.de\/index.php\/wp-json\/wp\/v2\/pages\/27"}],"collection":[{"href":"https:\/\/goldenfamily.de\/index.php\/wp-json\/wp\/v2\/pages"}],"about":[{"href":"https:\/\/goldenfamily.de\/index.php\/wp-json\/wp\/v2\/types\/page"}],"author":[{"embeddable":true,"href":"https:\/\/goldenfamily.de\/index.php\/wp-json\/wp\/v2\/users\/1"}],"replies":[{"embeddable":true,"href":"https:\/\/goldenfamily.de\/index.php\/wp-json\/wp\/v2\/comments?post=27"}],"version-history":[{"count":1,"href":"https:\/\/goldenfamily.de\/index.php\/wp-json\/wp\/v2\/pages\/27\/revisions"}],"predecessor-version":[{"id":28,"href":"https:\/\/goldenfamily.de\/index.php\/wp-json\/wp\/v2\/pages\/27\/revisions\/28"}],"wp:attachment":[{"href":"https:\/\/goldenfamily.de\/index.php\/wp-json\/wp\/v2\/media?parent=27"}],"curies":[{"name":"wp","href":"https:\/\/api.w.org\/{rel}","templated":true}]}}