{"id":55,"date":"2016-09-26T14:17:52","date_gmt":"2016-09-26T12:17:52","guid":{"rendered":"http:\/\/www.goldenfamily.de\/?page_id=55"},"modified":"2016-10-07T00:23:45","modified_gmt":"2016-10-06T22:23:45","slug":"unser-deckruede","status":"publish","type":"page","link":"https:\/\/goldenfamily.de\/index.php\/unser-deckruede\/","title":{"rendered":"Unser Deckr\u00fcde"},"content":{"rendered":"<h1>Marco Antonio del Cortijo la Solana &#8211; genannt Jurij<\/h1>\n<p style=\"text-align: center;\"><a href=\"https:\/\/www.goldenfamily.de\/wp-content\/uploads\/upload_alt\/Goldies\/jurij\/jurij_007.jpg\"><noscript><img decoding=\"async\" class=\"alignnone\" src=\"https:\/\/www.goldenfamily.de\/wp-content\/uploads\/upload_alt\/Goldies\/jurij\/jurij_007.jpg\" width=\"242\" height=\"161\"><\/noscript><img decoding=\"async\" class=\"alignnone lazyload\" src=\"data:image\/svg+xml,%3Csvg%20xmlns%3D%22http%3A%2F%2Fwww.w3.org%2F2000%2Fsvg%22%20viewBox%3D%220%200%20242%20161%22%3E%3C%2Fsvg%3E\" width=\"242\" height=\"161\" data-src=\"https:\/\/www.goldenfamily.de\/wp-content\/uploads\/upload_alt\/Goldies\/jurij\/jurij_007.jpg\"><\/a><a href=\"https:\/\/www.goldenfamily.de\/wp-content\/uploads\/upload_alt\/Goldies\/jurij\/jurij_013.jpg\" rel=\"lightbox[roadtrip]\"> <noscript><img decoding=\"async\" class=\"rand alignnone\" src=\"https:\/\/www.goldenfamily.de\/wp-content\/uploads\/upload_alt\/Goldies\/jurij\/jurij_013.jpg\" width=\"159\" height=\"239\"><\/noscript><img decoding=\"async\" class=\"rand alignnone lazyload\" src=\"data:image\/svg+xml,%3Csvg%20xmlns%3D%22http%3A%2F%2Fwww.w3.org%2F2000%2Fsvg%22%20viewBox%3D%220%200%20159%20239%22%3E%3C%2Fsvg%3E\" width=\"159\" height=\"239\" data-src=\"https:\/\/www.goldenfamily.de\/wp-content\/uploads\/upload_alt\/Goldies\/jurij\/jurij_013.jpg\"><\/a> <a href=\"https:\/\/www.goldenfamily.de\/wp-content\/uploads\/upload_alt\/Goldies\/jurij\/jurij_014.jpg\" rel=\"lightbox[roadtrip]\"><noscript><img decoding=\"async\" class=\"rand\" src=\"https:\/\/www.goldenfamily.de\/wp-content\/uploads\/upload_alt\/Goldies\/jurij\/jurij_014.jpg\" width=\"242\" height=\"161\"><\/noscript><img decoding=\"async\" class=\"rand lazyload\" src=\"data:image\/svg+xml,%3Csvg%20xmlns%3D%22http%3A%2F%2Fwww.w3.org%2F2000%2Fsvg%22%20viewBox%3D%220%200%20242%20161%22%3E%3C%2Fsvg%3E\" width=\"242\" height=\"161\" data-src=\"https:\/\/www.goldenfamily.de\/wp-content\/uploads\/upload_alt\/Goldies\/jurij\/jurij_014.jpg\"><\/a><\/p>\n<p style=\"text-align: left;\">Auf unseren Jurij sind wir sehr stolz.<br>\nJurij ist wundersch\u00f6n, hat einen liebenswerten, sanften Charakter und beste Gesundheitsergebnisse. Apportieren ist seine gro\u00dfe Leidenschaft. Seinen entz\u00fcckenden Kindern vererbt er stets diese Leidenschaft, was die Welpen zur Ausbildung zum Therapiebegleithund\/Behindertenbegleithund pr\u00e4destiniert.<br>\nDa wir jahrelang auf Deckr\u00fcden anderer Z\u00fcchter angewiesen waren und auch heute noch sind, wissen wir wie m\u00fchsam und lang der Weg sein kann, von der l\u00e4ufigen H\u00fcndin bis zum gesunden Wurf. Wir haben inzwischen einen Weg gefunden, mit unseren letzten W\u00fcrfen, den wir fair und annehmbar finden f\u00fcr Deckr\u00fcden &#8211; Besitzer &amp; H\u00fcndinnen &#8211; Besitzer und den wir nun auch so mit unserem Jurij gehen wollen.<br>\nDas Wichtigste f\u00fcr uns ist, dass ihre H\u00fcndin gesund ist, was sie durch einen Abstrich und das daraus resultierende Ergebnis in Erfahrung bringen k\u00f6nnen.<br>\nAlle anderen Punkte, wie das liebe Geld, Zeitpunkt, wie oft der R\u00fcde deckt etc. k\u00f6nnen wir absprechen. Wichtig sind Fairness, Aufrichtigkeit und Ehrlichkeit.<br>\nJurijs Gesundheitsergebnisse:<\/p>\n<p>HD: A &#8211; BVA 3:3<br>\nED: 0 &#8211; BVA 0:0<\/p>\n<p>Wir lassen f\u00fcr die Zuchtzulassung eines R\u00fcden immer auch ein Spermiogramm und nat\u00fcrlich eine Augenuntersuchung bei einem ausgewiesenen Spezialisten der dem Dortmunder Kreis (DOK) angeh\u00f6rt, erstellen.<\/p>\n<p>HD + ED lassen wir einmal in Deutschland und dann noch einmal in England nach BVA auswerten. So haben wir bei unseren Hunden immer eine doppelte, seri\u00f6se Auswertung. Das gibt uns die Sicherheit, nur mit gesunden Hunden zu z\u00fcchten.<\/p>\n<p>Sollten wir und unser Jurij nun ihr Interesse geweckt haben, rufen sie uns einfach an.<br>\nFestnetz: 05961\/ 957 2160 oder Handy: 0172\/47 123 78<\/p>\n<p style=\"text-align: left;\">Vater von Jurij: Multi Champion Baron of Stanroph du Domaine des Rives de L\u2019Erdre<\/p>\n<p>Mutter von Jurij: Lenda Moura Fly United<\/p>\n<p style=\"text-align: center;\"><a href=\"https:\/\/www.goldenfamily.de\/wp-content\/uploads\/upload_alt\/Goldies\/jurij\/Tuba-Welpe_05.jpg\" rel=\"lightbox[roadtrip]\"><noscript><img decoding=\"async\" class=\"rand\" src=\"https:\/\/www.goldenfamily.de\/wp-content\/uploads\/upload_alt\/Goldies\/jurij\/Tuba-Welpe_05.jpg\" width=\"202\" height=\"141\"><\/noscript><img decoding=\"async\" class=\"rand lazyload\" src=\"data:image\/svg+xml,%3Csvg%20xmlns%3D%22http%3A%2F%2Fwww.w3.org%2F2000%2Fsvg%22%20viewBox%3D%220%200%20202%20141%22%3E%3C%2Fsvg%3E\" width=\"202\" height=\"141\" data-src=\"https:\/\/www.goldenfamily.de\/wp-content\/uploads\/upload_alt\/Goldies\/jurij\/Tuba-Welpe_05.jpg\"><\/a> <a href=\"https:\/\/www.goldenfamily.de\/wp-content\/uploads\/upload_alt\/Goldies\/jurij\/jurij_001.jpg\" rel=\"lightbox[roadtrip]\"><noscript><img decoding=\"async\" class=\"rand\" src=\"https:\/\/www.goldenfamily.de\/wp-content\/uploads\/upload_alt\/Goldies\/jurij\/jurij_001.jpg\" width=\"213\" height=\"142\"><\/noscript><img decoding=\"async\" class=\"rand lazyload\" src=\"data:image\/svg+xml,%3Csvg%20xmlns%3D%22http%3A%2F%2Fwww.w3.org%2F2000%2Fsvg%22%20viewBox%3D%220%200%20213%20142%22%3E%3C%2Fsvg%3E\" width=\"213\" height=\"142\" data-src=\"https:\/\/www.goldenfamily.de\/wp-content\/uploads\/upload_alt\/Goldies\/jurij\/jurij_001.jpg\"><\/a> <a href=\"https:\/\/www.goldenfamily.de\/wp-content\/uploads\/upload_alt\/Goldies\/jurij\/jurij_002.jpg\" rel=\"lightbox[roadtrip]\"><noscript><img decoding=\"async\" class=\"rand\" src=\"https:\/\/www.goldenfamily.de\/wp-content\/uploads\/upload_alt\/Goldies\/jurij\/jurij_002.jpg\" width=\"213\" height=\"142\"><\/noscript><img decoding=\"async\" class=\"rand lazyload\" src=\"data:image\/svg+xml,%3Csvg%20xmlns%3D%22http%3A%2F%2Fwww.w3.org%2F2000%2Fsvg%22%20viewBox%3D%220%200%20213%20142%22%3E%3C%2Fsvg%3E\" width=\"213\" height=\"142\" data-src=\"https:\/\/www.goldenfamily.de\/wp-content\/uploads\/upload_alt\/Goldies\/jurij\/jurij_002.jpg\"><\/a><\/p>\n<p style=\"text-align: center;\"><a href=\"https:\/\/www.goldenfamily.de\/wp-content\/uploads\/upload_alt\/Goldies\/jurij\/jurij_004.jpg\" rel=\"lightbox[roadtrip]\"><noscript><img decoding=\"async\" class=\"rand\" src=\"https:\/\/www.goldenfamily.de\/wp-content\/uploads\/upload_alt\/Goldies\/jurij\/jurij_004.jpg\" width=\"200\" height=\"133\"><\/noscript><img decoding=\"async\" class=\"rand lazyload\" src=\"data:image\/svg+xml,%3Csvg%20xmlns%3D%22http%3A%2F%2Fwww.w3.org%2F2000%2Fsvg%22%20viewBox%3D%220%200%20200%20133%22%3E%3C%2Fsvg%3E\" width=\"200\" height=\"133\" data-src=\"https:\/\/www.goldenfamily.de\/wp-content\/uploads\/upload_alt\/Goldies\/jurij\/jurij_004.jpg\"><\/a> <a href=\"https:\/\/www.goldenfamily.de\/wp-content\/uploads\/upload_alt\/Goldies\/jurij\/jurij_009.jpg\" rel=\"lightbox[roadtrip]\"><noscript><img decoding=\"async\" class=\"rand alignnone\" src=\"https:\/\/www.goldenfamily.de\/wp-content\/uploads\/upload_alt\/Goldies\/jurij\/jurij_009.jpg\" width=\"203\" height=\"135\"><\/noscript><img decoding=\"async\" class=\"rand alignnone lazyload\" src=\"data:image\/svg+xml,%3Csvg%20xmlns%3D%22http%3A%2F%2Fwww.w3.org%2F2000%2Fsvg%22%20viewBox%3D%220%200%20203%20135%22%3E%3C%2Fsvg%3E\" width=\"203\" height=\"135\" data-src=\"https:\/\/www.goldenfamily.de\/wp-content\/uploads\/upload_alt\/Goldies\/jurij\/jurij_009.jpg\"><\/a> <a href=\"https:\/\/www.goldenfamily.de\/wp-content\/uploads\/upload_alt\/Blog\/Wuerfe\/h_wurf\/120118_H-Wurf_Ayleen_x_Juri_09122011__mit_5_Wochen_und_3_Tagen_048.jpg\" rel=\"lightbox[roadtrip]\"><noscript><img decoding=\"async\" class=\"rand\" src=\"https:\/\/www.goldenfamily.de\/wp-content\/uploads\/upload_alt\/Blog\/Wuerfe\/h_wurf\/120118_H-Wurf_Ayleen_x_Juri_09122011__mit_5_Wochen_und_3_Tagen_048.jpg\" width=\"200\" height=\"133\"><\/noscript><img decoding=\"async\" class=\"rand lazyload\" src=\"data:image\/svg+xml,%3Csvg%20xmlns%3D%22http%3A%2F%2Fwww.w3.org%2F2000%2Fsvg%22%20viewBox%3D%220%200%20200%20133%22%3E%3C%2Fsvg%3E\" width=\"200\" height=\"133\" data-src=\"https:\/\/www.goldenfamily.de\/wp-content\/uploads\/upload_alt\/Blog\/Wuerfe\/h_wurf\/120118_H-Wurf_Ayleen_x_Juri_09122011__mit_5_Wochen_und_3_Tagen_048.jpg\"><\/a><\/p>\n<p><!--Ende Seiteninhalt--><\/p>\n<p>&nbsp;<\/p>\n","protected":false},"excerpt":{"rendered":"<p>Marco Antonio del Cortijo la Solana &#8211; genannt Jurij Auf unseren Jurij sind wir sehr stolz. Jurij ist wundersch\u00f6n, hat einen liebenswerten, sanften Charakter und beste Gesundheitsergebnisse. Apportieren ist seine gro\u00dfe Leidenschaft. Seinen entz\u00fcckenden Kindern vererbt er stets diese Leidenschaft, was die Welpen zur Ausbildung zum Therapiebegleithund\/Behindertenbegleithund pr\u00e4destiniert. Da wir jahrelang auf Deckr\u00fcden anderer Z\u00fcchter [&hellip;]<\/p>\n","protected":false},"author":1,"featured_media":0,"parent":0,"menu_order":0,"comment_status":"closed","ping_status":"closed","template":"","meta":[],"_links":{"self":[{"href":"https:\/\/goldenfamily.de\/index.php\/wp-json\/wp\/v2\/pages\/55"}],"collection":[{"href":"https:\/\/goldenfamily.de\/index.php\/wp-json\/wp\/v2\/pages"}],"about":[{"href":"https:\/\/goldenfamily.de\/index.php\/wp-json\/wp\/v2\/types\/page"}],"author":[{"embeddable":true,"href":"https:\/\/goldenfamily.de\/index.php\/wp-json\/wp\/v2\/users\/1"}],"replies":[{"embeddable":true,"href":"https:\/\/goldenfamily.de\/index.php\/wp-json\/wp\/v2\/comments?post=55"}],"version-history":[{"count":4,"href":"https:\/\/goldenfamily.de\/index.php\/wp-json\/wp\/v2\/pages\/55\/revisions"}],"predecessor-version":[{"id":341,"href":"https:\/\/goldenfamily.de\/index.php\/wp-json\/wp\/v2\/pages\/55\/revisions\/341"}],"wp:attachment":[{"href":"https:\/\/goldenfamily.de\/index.php\/wp-json\/wp\/v2\/media?parent=55"}],"curies":[{"name":"wp","href":"https:\/\/api.w.org\/{rel}","templated":true}]}}